 of 3867654.
2, 3, 7, 71, 1297
What are the prime factors of 632520?
2, 3, 5, 7, 251
What are the prime factors of 3525795?
3, 5, 7, 13, 41
List the prime factors of 9545769.
3, 163, 241
What are the prime factors of 3849820?
2, 5, 13, 17, 67
List the prime factors of 357889.
7, 29, 41, 43
What are the prime factors of 540997?
163, 3319
List the prime factors of 6033019.
103, 58573
List the prime factors of 1380514.
2, 107, 6451
List the prime factors of 9665342.
2, 113, 42767
What are the prime factors of 1370256?
2, 3, 28547
What are the prime factors of 286014?
2, 3, 73, 653
What are the prime factors of 17940477?
3, 619, 9661
List the prime factors of 10227349.
11, 67, 13877
List the prime factors of 389244.
2, 3, 163, 199
List the prime factors of 271815.
3, 5, 18121
List the prime factors of 7068331.
7068331
List the prime factors of 24598231.
7, 373, 9421
What are the prime factors of 18464655?
3, 5, 11, 47, 2381
What are the prime factors of 2982614?
2, 911, 1637
List the prime factors of 5438444.
2, 11, 123601
List the prime factors of 100339.
19, 5281
List the prime factors of 3817577.
271, 14087
List the prime factors of 407707.
407707
List the prime factors of 11384841.
3, 13, 67, 4357
List the prime factors of 1769098.
2, 173, 5113
What are the prime factors of 89774?
2, 44887
List the prime factors of 42077.
7, 6011
What are the prime factors of 9044896?
2, 7, 149, 271
What are the prime factors of 176730?
2, 3, 5, 43, 137
What are the prime factors of 226465?
5, 45293
What are the prime factors of 1547774?
2, 797, 971
List the prime factors of 39005843.
31, 271, 4643
What are the prime factors of 6524751?
3, 59, 191, 193
List the prime factors of 89030.
2, 5, 29, 307
List the prime factors of 201307.
201307
List the prime factors of 4848062.
2, 733, 3307
What are the prime factors of 12369791?
7, 23, 76831
List the prime factors of 869151.
3, 289717
List the prime factors of 10645401.
3, 13, 272959
List the prime factors of 236667.
3, 78889
List the prime factors of 13005197.
13005197
What are the prime factors of 4723760?
2, 5, 137, 431
List the prime factors of 81495.
3, 5, 1811
What are the prime factors of 284659?
284659
List the prime factors of 9252.
2, 3, 257
What are the prime factors of 4067020?
2, 5, 203351
List the prime factors of 38844.
2, 3, 13, 83
What are the prime factors of 781748?
2, 11, 109, 163
List the prime factors of 614373.
3, 204791
What are the prime factors of 457228?
2, 151, 757
What are the prime factors of 1062?
2, 3, 59
List the prime factors of 28973598.
2, 3, 293, 16481
What are the prime factors of 445265?
5, 19, 43, 109
What are the prime factors of 2384924?
2, 596231
What are the prime factors of 4903337?
73, 67169
List the prime factors of 20954546.
2, 10477273
List the prime factors of 86102.
2, 43051
What are the prime factors of 1169103?
3, 13, 31, 967
List the prime factors of 279381.
3, 23, 4049
What are the prime factors of 536354?
2, 7, 13, 421
List the prime factors of 2437479.
3, 11, 29, 283
List the prime factors of 12534255.
3, 5, 59, 4721
List the prime factors of 737032.
2, 181, 509
What are the prime factors of 352796?
2, 89, 991
What are the prime factors of 4394207?
101, 139, 313
What are the prime factors of 952792?
2, 119099
List the prime factors of 2833408.
2, 2767
What are the prime factors of 171117?
3, 19013
List the prime factors of 184116.
2, 3, 67, 229
What are the prime factors of 285952?
2, 1117
List the prime factors of 17629619.
7, 2518517
List the prime factors of 300138.
2, 3, 50023
List the prime factors of 638421.
3, 7, 43, 101
List the prime factors of 3051955.
5, 610391
List the prime factors of 481327.
7, 11, 19, 47
What are the prime factors of 30225084?
2, 3, 79, 31883
List the prime factors of 557307.
3, 20641
What are the prime factors of 150554?
2, 75277
What are the prime factors of 2343077?
11, 53, 4019
What are the prime factors of 2612677?
2612677
List the prime factors of 482694.
2, 3, 80449
List the prime factors of 510526.
2, 37, 6899
What are the prime factors of 3447408?
2, 3, 71821
What are the prime factors of 712627?
71, 10037
List the prime factors of 1860209.
13, 143093
List the prime factors of 242184.
2, 3, 10091
What are the prime factors of 1647361?
1647361
What are the prime factors of 4117665?
3, 5, 211, 1301
List the prime factors of 885326.
2, 13, 17, 2003
List the prime factors of 423686.
2, 349, 607
List the prime factors of 3130104.
2, 3, 41, 3181
What are the prime factors of 3237602?
2, 229, 7069
List the prime factors of 27963.
3, 13, 239
List the prime factors of 109639.
109639
List the prime factors of 310402.
2, 155201
What are the prime factors of 2855380?
2, 5, 11, 12979
What are the prime factors of 543528?
2, 3, 7549
List the prime factors of 1392106.
2, 696053
List the prime factors of 4541463.
3, 504607
List the prime factors of 3458559.
3, 13, 88681
List the prime factors of 3289755.
3, 5, 7, 17, 19, 97
List the prime factors of 5313468.
2, 3, 442789
What are the prime factors of 32806?
2, 47, 349
What are the prime factors of 5028861?
3, 29, 57803
List the prime factors of 11522528.
2, 397, 907
List the prime factors of 66805.
5, 31, 431
What are the prime factors of 242171?
242171
What are the prime factors of 601591?
601591
List the prime factors of 23936740.
2, 5, 1196837
List the prime factors of 1366957.
1366957
List the prime factors of 15417781.
15417781
What are the prime factors of 472656?
2, 3, 43, 229
List the prime factors of 356740.
2, 5, 17837
List the prime factors of 8494058.
2, 1613, 2633
What are the prime factors of 3205257?
3, 11, 23, 41, 103
List the prime factors of 2434973.
349, 6977
List the prime factors of 240171.
3, 223, 359
What are the prime factors of 21159100?
2, 5, 457, 463
What are the prime factors of 17263221?
3, 5754407
What are the prime factors of 5067797?
7, 23, 31477
What are the prime factors of 6956220?
2, 3, 5, 191, 607
List the prime factors of 368002.
2, 37, 4973
What are the prime factors of 37559?
23, 71
What are the prime factors of 52731?
3, 7, 31
What are the prime factors of 5600426?
2, 13, 47, 4583
List the prime factors of 575541.
3, 63949
What are the prime factors of 11187970?
2, 5, 1118797
What are the prime factors of 83098?
2, 41549
List the prime factors of 208783.
281, 743
What are the prime factors of 28963621?
241, 120181
List the prime factors of 471303.
3, 7, 7481
What are the prime factors of 6865288?
2, 858161
What are the prime factors of 9282933?
3, 11, 41, 2287
List the prime factors of 16710041.
16710041
What are the prime factors of 779629?
163, 4783
List the prime factors of 442974.
2, 3, 7, 53, 199
What are the prime factors of 20044824?
2, 3, 37, 22573
List the prime factors of 208007.
79, 2633
What are the prime factors of 6741?
3, 7, 107
What are the prime factors of 5492023?
523, 10501
List the prime factors of 1515671.
1515671
List the prime factors of 206867.
37, 5591
What are the prime factors of 11188536?
2, 3, 311, 1499
What are the prime factors of 19974569?
3643, 5483
List the prime factors of 860654.
2, 653, 659
List the prime factors of 9709756.
2, 7, 577, 601
List the prime factors of 13316448.
2, 3, 23, 37, 163
List the prime factors of 9184.
2, 7, 41
What are the prime factors of 3863422?
2, 19, 5351
What are the prime factors of 13093920?
2, 3, 5, 7, 433
What are the prime factors of 1462050?
2, 3, 5, 19
What are the prime factors of 4477416?
2, 3, 197, 947
List the prime factors of 158085.
3, 5, 1171
List the prime factors of 5366698.
2, 313, 8573
List the prime factors of 3880899.
3, 11, 73, 179
What are the prime factors of 18365736?
2, 3, 409, 1871
List the prime factors of 390103.
7, 23, 2423
What are the prime factors of 1228693?
1228693
What are the prime factors of 939915?
3, 5, 20887
List the prime factors of 260067.
3, 86689
What are the prime factors of 522476?
2, 130619
What are the prime factors of 137345?
5, 13, 2113
What are the prime factors of 1658445?
3, 5, 110563
What are the prime factors of 7171414?
2, 37, 96911
List the prime factors of 130482.
2, 3, 11, 659
What are the prime factors of 107996?
2, 7, 19, 29
What are the prime factors of 27582289?
7, 179, 22013
List the prime factors of 278040.
2,